actors of m(r).
97
Let s(z) = -2*z**2 - 353*z - 770. What are the prime factors of s(-122)?
2, 3, 29
Let a(l) = -1742*l - 1209. What are the prime factors of a(-5)?
13, 577
Let r be ((-1659)/9 - 2)/(2/(-6)). Let y = r + -262. What are the prime factors of y?
3, 11
Let s = -29 + 10. Let n be (s + 2)*4 + (11 - 8). Let f = n + 132. What are the prime factors of f?
67
What are the prime factors of (3 + 89/(-9) - (-1)/(-9)) + 10578?
11, 31
Let c be (-8)/16*6*-4. Let j be (c + (5 - 1))*20. Suppose j = 23*l - 18*l. What are the prime factors of l?
2
Let d = 55 - 59. List the prime factors of (-8 - -626) + (-1 - d).
3, 23
List the prime factors of (-68)/(-5)*((-2 - 10) + 97).
2, 17
Suppose 289203 = -75*c - 70*c + 1294343. List the prime factors of c.
2, 1733
Let k be (-2 - -2) + -1148*9/(-6). Let v = -1133 + k. List the prime factors of v.
19, 31
Let b(j) = 7*j**2 + 61. Let v = 285 + -277. What are the prime factors of b(v)?
509
Suppose 62*y + 19*y - 1123551 = 0. What are the prime factors of y?
11, 13, 97
Let q be 8/(-12) - 16/(-24). Suppose q = 32*x - 4942 - 2034. List the prime factors of x.
2, 109
Suppose -3*z + 5*x + 1 = 0, 4*z - 13 = -x - 4. Let b(a) = -6*a**3 + 2*a**z + 211*a + 0 - 215*a - 8. List the prime factors of b(-3).
2, 23
Suppose 4*m - 35265 = -3*w, -38*m + 39*m = 3*w - 35280. What are the prime factors of w?
11, 1069
Suppose 14*r + 3*x + 2555 = 18*r, -5*r - x = -3170. Let u = r - -525. List the prime factors of u.
2, 5, 29
Let r(c) = c + 1. Let o be r(-1). Let m(u) = u**2 - 5*u + 385. List the prime factors of m(o).
5, 7, 11
Let u(p) = -6*p - 40. Let z be u(-10). List the prime factors of (-28*(-5)/z)/(1/17).
7, 17
Let b = 30801 - 18839. What are the prime factors of b?
2, 5981
Let a(u) = 91*u + 11. Let c(f) = -272*f - 36. Let l(x) = -8*a(x) - 3*c(x). What are the prime factors of l(5)?
2, 5, 23
Let u(y) = 1. Let l(d) = -50*d**2 + d - 11. Let b(n) = -l(n) - 5*u(n). What are the prime factors of b(3)?
3, 151
Let b be (-8)/(-12) + (-2)/(18/69). Let u = -1 - b. Suppose 3*q + 12 = 0, -4*q = 5*w - u*q - 483. What are the prime factors of w?
5, 19
Suppose -110980 + 28768 = -17*b. List the prime factors of b.
2, 3, 13, 31
Let t(w) = -w**3 + 23*w**2 + 23*w + 24. Let n be t(24). Suppose -3*v - 2055 + 5055 = n. What are the prime factors of v?
2, 5
Let s(d) = d + 8. Let p be s(0). Suppose -p*q + 3481 = 41. Suppose 2*l - q = -3*l. List the prime factors of l.
2, 43
Suppose -13*z + 45055 + 183727 = 24318. List the prime factors of z.
2, 983
Let v = -689 - -2854. Suppose -4*w + 3*d = -2935, -w - v = -4*w - 5*d. Suppose -12*s + w = -7*s. What are the prime factors of s?
2, 73
Let r(g) = -3*g - 14. Let o be r(-4). What are the prime factors of (-153)/o + (1 - (-3)/(-2))?
2, 19
Let o(m) = 77*m**2 + 8*m + 7. Let i be o(-1). Suppose -2540 = i*k - 81*k. What are the prime factors of k?
2, 127
Let x = -1435 + 3743. Let j = x + -1268. What are the prime factors of j?
2, 5, 13
Suppose p - 6 = -3*g + g, g - 2*p - 8 = 0. What are the prime factors of 98 - g*(-1)/2 - 2?
2, 7
Let a be ((2 + -3)*5)/(-1). Suppose -4*j - a*c = -420, 2*j - 20 - 220 = 5*c. List the prime factors of j.
2, 5, 11
Suppose 437538 = 14*z - 4*z + b, 4*z - 175014 = -b. List the prime factors of z.
2, 131, 167
Let g(q) = q**3 - 9*q**2 + 13*q - 38. Let r be g(8). Suppose -326 = -r*b + 5*u, 0*b = 5*b + 2*u - 757. What are the prime factors of b?
3, 17
List the prime factors of 38188/12 + (-44)/33.
3181
Let z = 1923 - -1452. What are the prime factors of z?
3, 5
Let d(v) = -v**3 + 32*v**2 + 15*v + 65. Let w be d(32). Let z = 1066 - w. What are the prime factors of z?
521
Let b(s) = -s**3 + 9*s**2 + s - 8. Let f(r) = r**3 + 9*r**2 - 3*r + 8. Let x be f(-9). Let l be (x/14)/(1/2). List the prime factors of b(l).
97
Let t(u) = -u**3 + 11*u**2 + 13*u - 5. Let j be t(10). Let z = j - -132. What are the prime factors of z?
3, 7, 17
Let h(k) = 9 + 4*k + 6*k + 0 + 12*k**2 - k**2 + 3*k. List the prime factors of h(-6).
3, 109
Let t = 16 + -22. Let q(c) = -53*c - 7. Let w(k) = 53*k + 8. Let r(h) = t*q(h) - 5*w(h). What are the prime factors of r(2)?
2, 3
Let i(j) = -j**2 + 13*j + 30. Let x be i(15). Suppose -5*d = 2*p + 13, x = -4*p + d + 3*d + 16. Let l(n) = 73*n**2 + n. List the prime factors of l(p).
2, 37
Let g(o) = -3*o + 4*o**2 + 2*o**2 + 15089 - o**2 - 15096. Suppose 5*w = -2*l - 0 + 10, -5*w = -4*l - 40. What are the prime factors of g(w)?
61
Let v = 49 + -41. Suppose -105 + 2185 = v*d. List the prime factors of d.
2, 5, 13
Let h(t) = -313*t**3 + 17*t**2 + 3*t + 5. List the prime factors of h(-2).
3, 857
Suppose -755662 - 1059228 = -70*c - 185780. List the prime factors of c.
17, 37
Let t = -706 + 1514. Suppose 2*z - t = 5*o, -3*z + 0*z + 1174 = 2*o. What are the prime factors of z?
2, 197
Let c = 13706 - 12323. What are the prime factors of c?
3, 461
Suppose 3132 = b - 4*f + 9*f, 6270 = 2*b + 4*f. Suppose -917 + b = 15*j. What are the prime factors of j?
2, 37
Let n(l) = 2*l**2 - 19*l + 39. Let c be n(13). Suppose -b + u = -3*b + 160, -u - 2 = 0. Suppose -c = -b*p + 80*p. List the prime factors of p.
2, 5, 13
Let m(j) = 953*j + 288. What are the prime factors of m(5)?
31, 163
Suppose -g - 2*g - 3*w + 18 = 0, 4*g - 5*w = -12. What are the prime factors of (g/6)/((-4)/(-948))?
79
Let s(a) = 9*a**2 - 2*a**2 + 0 - 19 + 10*a - 4*a**2. Let n be s(-9). Let g = 256 - n. What are the prime factors of g?
2, 61
Let h(y) = 5*y - 35. Let w be h(-6). Let r = 163 + w. Let z = r + 13. What are the prime factors of z?
3, 37
Let t(c) = 3*c**2 - 4*c + 7. Let d be t(0). Suppose -d*j + 1260 = -2*j + 5*h, 0 = j + 2*h - 251. List the prime factors of j.
11, 23
Suppose p + 4*p - 3*p = 0. Suppose p = 2*o - 18 - 690. Suppose d + 2*s = 175, -5*d + o = -3*d + 3*s. What are the prime factors of d?
3, 61
Let h(c) = 7*c**2 - 9*c - 40. Let d = 25 - 31. What are the prime factors of h(d)?
2, 7, 19
Suppose 0 = 5*u + 12*j - 10*j - 2847, 0 = -4*u - j + 2277. Let y = -240 + u. What are the prime factors of y?
7, 47
Suppose 0 = -19*o + 48 + 161. Suppose -22*p - o*p = -14883. List the prime factors of p.
11, 41
Let a be (-1)/(3 + (-1225)/406). Suppose -2058 = -60*g + a*g. List the prime factors of g.
3, 7
Suppose 2*p = -3*q - 7, -6*p = -p + 3*q - 5. Suppose p*i = -2*n + 712, 5*n - 1052 = 2*n + 2*i. What are the prime factors of n?
2, 11
Let h(l) = -34 - 31 + 84*l**2 + 58 + 7*l. What are the prime factors of h(2)?
7
Let m = -113372 - -165646. List the prime factors of m.
2, 59, 443
Let x(v) be the third derivative of v**5/60 + v**4/6 - 3*v**3/2 - 8*v**2. Suppose -5*y - 20 = -o, -o + 2 - 6 = 3*y. List the prime factors of x(o).
2, 3
Let l(x) = -256*x - 42. What are the prime factors of l(-23)?
2, 37, 79
Let v = -853 - -487. Let h(r) = -6*r**2 + 120*r - 7. Let l be h(10). Let c = v + l. List the prime factors of c.
227
Suppose 168 + 886 = -x. List the prime factors of -6 - 3*x/6.
521
Let c = -72573 - -136971. What are the prime factors of c?
2, 3, 10733
Suppose 181*n + 229486 = 186*n + 6*r, n + r = 45897. What are the prime factors of n?
2, 5737
Suppose 1588940 = 184*u - 3817596 + 152600. List the prime factors of u.
2, 3, 4759
Suppose 6*g = -3*g + 117. Suppose 19 - g = p. What are the prime factors of p?
2, 3
Suppose g + 0*g = -3*p - 175, -61 = p + 3*g. Let w = 260 + -109. Let r = w + p. List the prime factors of r.
3, 31
Suppose -3*a = -4*t + 94128, 27*a = 3*t + 33*a - 70596. List the prime factors of t.
2, 3, 37, 53
Let u(i) = -131*i - 189. Let g(a) = -64*a - 95. Let d(w) = -5*g(w) + 3*u(w). What are the prime factors of d(-2)?
2, 3
Let d(b) = -b**3 - 7*b**2 + 9*b + 7. Let y be d(-8). What are the prime factors of ((-1)/3)/(y/2883)?
31
Let l(d) = d**3 - 35*d - 114. List the prime factors of l(19).
2, 5, 19
Let l = 193 + 1694. List the prime factors of l.
3, 17, 37
Let p(f) = 155*f**2 - 11*f + 35. List the prime factors of p(-5).
5, 13, 61
Let s be ((-18)/12 - 0) + 153/(-2). Let i = s + 75. What are the prime factors of (-2 - i)/((-3)/(-192))?
2
Suppose -17*j = -18*j - 5, b + 3*j = 576. Let o = 1064 - b. List the prime factors of o.
11, 43
Let k = 14757 - 6510. What are the prime factors of k?
3, 2749
Suppose 5*f - 20 = -5*k, 3*f - 5*f - 5*k = -20. Suppose 3*j = -f*j + 5*n + 2090, j + 2*n - 704 = 0. What are the prime factors of